22
Calculate the remainder when 2371074 is divided by 474213.
9
What is the remainder when 3653 is divided by 1601?
451
Calculate the remainder when 444913 is divided by 114.
85
Calculate the remainder when 10889254 is divided by 53.
33
What is the remainder when 334744 is divided by 1902?
1894
What is the remainder when 1969681 is divided by 313?
285
What is the remainder when 10414194 is divided by 88?
10
What is the remainder when 512138 is divided by 21338?
26
What is the remainder when 528682 is divided by 215?
212
Calculate the remainder when 286303873 is divided by 165.
163
Calculate the remainder when 7180408 is divided by 17996.
4
Calculate the remainder when 487837 is divided by 2899.
805
Calculate the remainder when 429924 is divided by 784.
292
Calculate the remainder when 19429022 is divided by 17.
11
Calculate the remainder when 493971 is divided by 1865.
1611
What is the remainder when 592542398 is divided by 3980?
3978
What is the remainder when 64846748 is divided by 516?
512
What is the remainder when 6001444 is divided by 3000620?
204
Calculate the remainder when 3800880 is divided by 13.
5
What is the remainder when 216464 is divided by 2177?
941
What is the remainder when 1766704 is divided by 160?
144
What is the remainder when 4485315 is divided by 195007?
154
Calculate the remainder when 19459624 is divided by 42581.
107
Calculate the remainder when 127465102 is divided by 193.
182
Calculate the remainder when 142819 is divided by 1720.
59
Calculate the remainder when 980309 is divided by 245074.
13
What is the remainder when 34555623 is divided by 226?
223
Calculate the remainder when 71023526 is divided by 886.
880
Calculate the remainder when 35065 is divided by 8760.
25
Calculate the remainder when 2430515 is divided by 307.
303
What is the remainder when 631503 is divided by 2047?
1027
Calculate the remainder when 4853079 is divided by 404421.
27
What is the remainder when 2795495 is divided by 2083?
109
What is the remainder when 32081701 is divided by 207?
13
Calculate the remainder when 113858457 is divided by 87786.
15
What is the remainder when 2083197 is divided by 481?
467
Calculate the remainder when 4036668 is divided by 2047.
2031
What is the remainder when 524 is divided by 331?
193
Calculate the remainder when 27102 is divided by 482.
110
Calculate the remainder when 27761 is divided by 8681.
1718
What is the remainder when 136542 is divided by 45366?
444
What is the remainder when 782937 is divided by 263?
249
What is the remainder when 289174948 is divided by 4350?
4348
What is the remainder when 163522433 is divided by 5433?
5432
Calculate the remainder when 1631972 is divided by 854.
832
What is the remainder when 1712726 is divided by 1368?
1358
What is the remainder when 417258076 is divided by 186?
184
Calculate the remainder when 6892563 is divided by 1378311.
1008
What is the remainder when 1018445 is divided by 588?
29
Calculate the remainder when 556323 is divided by 79245.
1608
Calculate the remainder when 169473897 is divided by 1550.
1547
Calculate the remainder when 54940160 is divided by 7848593.
9
Calculate the remainder when 1394859 is divided by 41.
39
Calculate the remainder when 3099934 is divided by 3270.
3244
Calculate the remainder when 193749 is divided by 14856.
621
What is the remainder when 46865 is divided by 2351?
2196
Calculate the remainder when 205366 is divided by 5175.
3541
What is the remainder when 96035840 is divided by 159?
158
What is the remainder when 624054333 is divided by 16?
13
What is the remainder when 251684 is divided by 62826?
380
What is the remainder when 1532063 is divided by 32596?
51
What is the remainder when 29809413 is divided by 91?
88
Calculate the remainder when 9876541 is divided by 4.
1
Calculate the remainder when 822267 is divided by 31.
23
Calculate the remainder when 47994 is divided by 775.
719
What is the remainder when 2754094 is divided by 211745?
1409
Calculate the remainder when 2885366 is divided by 163.
103
What is the remainder when 89097249 is divided by 1989?
1983
What is the remainder when 83606033 is divided by 1478?
7
Calculate the remainder when 1001377 is divided by 100134.
37
Calculate the remainder when 3235631 is divided by 1078515.
86
What is the remainder when 6930002 is divided by 2624?
18
Calculate the remainder when 728940374 is divided by 212.
210
Calculate the remainder when 802717 is divided by 637.
97
Calculate the remainder when 14868781 is divided by 5573.
17
Calculate the remainder when 61388726 is divided by 30694361.
4
What is the remainder when 92201 is divided by 904?
897
Calculate the remainder when 3711675 is divided by 17.
14
Calculate the remainder when 62211 is divided by 444.
51
What is the remainder when 383129 is divided by 5321?
17
What is the remainder when 11660657 is divided by 342960?
17
What is the remainder when 1110423365 is divided by 73?
71
Calculate the remainder when 2441918 is divided by 159.
155
What is the remainder when 10817688 is divided by 169?
167
What is the remainder when 136964 is divided by 1521?
74
What is the remainder when 988963 is divided by 59?
5
Calculate the remainder when 41535 is divided by 7432.
4375
What is the remainder when 43304 is divided by 1036?
828
Calculate the remainder when 26919693 is divided by 28.
17
What is the remainder when 10400077 is divided by 183?
4
What is the remainder when 983068 is divided by 124?
120
Calculate the remainder when 1308719 is divided by 45128.
7
What is the remainder when 363332 is divided by 372?
260
Calculate the remainder when 281023 is divided by 46698.
835
Calculate the remainder when 46550497 is divided by 572.
565
What is the remainder when 92133403 is divided by 41936?
11
What is the remainder when 7379339 is divided by 2106?
2021
Calculate the remainder when 5719555 is divided by 173319.
28
Calculate the remainder when 117274552 is divided by 117274544.
8
What is the remainder when 2730164 is divided by 72?
68
Calculate the remainder when 45220087 is divided by 8.
7
What is the remainder when 36999268 is divided by 2394?
2392
Calculate the remainder when 190292 is divided by 47573.
0
Calculate the remainder when 910348 is divided by 346.
22
Calculate the remainder when 7616818 is divided by 1523325.
193
What is the remainder when 1574166 is divided by 197?
136
What is the remainder when 1637892 is divided by 1971?
1962
Calculate the remainder when 6378 is divided by 1996.
390
What is the remainder when 1316897 is divided by 13862?
7
What is the remainder when 3453149 is divided by 150?
149
Calculate the remainder when 29064052 is divided by 610.
602
Calculate the remainder when 2008644 is divided by 105.
99
Calculate the remainder when 771772 is divided by 753.
700
What is the remainder when 868394 is divided by 2360?
2274
Calculate the remainder when 638678 is divided by 272.
22
Calculate the remainder when 25979803 is divided by 209.
58
Calculate the remainder when 3879181 is divided by 554167.
12
Calculate the remainder when 137141 is divided by 19180.
2881
What is the remainder when 9518457 is divided by 142?
55
What is the remainder when 1151169 is divided by 173?
27
What is the remainder when 8567427 is divided by 611959?
1
Calculate the remainder when 11775744 is divided by 972.
936
What is the remainder when 3318620 is divided by 534?
344
What is the remainder when 96818508 is divided by 13?
7
What is the remainder when 1550813 is divided by 15055?
148
What is the remainder when 666951 is divided by 358?
355
Calculate the remainder when 18377 is divided by 18.
17
Calculate the remainder when 31831 is divided by 5043.
1573
Calculate the remainder when 517976 is divided by 129493.
4
What is the remainder when 196692 is divided by 17876?
56
What is the remainder when 65989 is divided by 8116?
1061
Calculate the remainder when 803450 is divided by 2761.
2760
Calculate the remainder when 340880 is divided by 13233.
10055
Calculate the remainder when 6688422 is divided by 8942.
8748
Calculate the remainder when 1161343 is divided by 2492.
71
Calculate the remainder when 1898597 is divided by 598.
545
Calculate the remainder when 680432 is divided by 120.
32
What is the remainder when 7212678 is divided by